 remainder when y is divided by 13?
5
Suppose 0 = 2*q + 6. Let g = 28 - q. Let z = 140 - g. What is the remainder when z is divided by 28?
25
Let i = 19 - 20. Let j = i + 11. Suppose j = l - 1. What is the remainder when l is divided by 7?
4
Suppose 7*g - 12*g - 70 = 0. Let x = 25 + g. Calculate the remainder when 32 is divided by x.
10
Let s(t) = -30 + 15*t**2 - 19*t**2 + 3*t**2 - 21*t. What is the remainder when 28 is divided by s(-19)?
4
Suppose 4*t + 3*a = 23, 0*a - 29 = -4*t - a. Let o(g) = -3*g - 1. Let r be o(-4). Let j = r - t. What is the remainder when 12 is divided by j?
0
Let k be -185*1*(-4)/(-10). Let g = k + 106. Calculate the remainder when 126 is divided by g.
30
Let y = -16 + 21. Suppose 0 = x - y*x + 4*f + 152, 0 = -4*x - 2*f + 170. What is the remainder when 80 is divided by x?
39
Let r(v) = -v**2 + 32. Let h(d) = d**3 + d - 1. Let c(x) = -h(x) + r(x). What is the remainder when c(0) is divided by 6?
3
Calculate the remainder when 195 is divided by (-9)/((-36)/(-8)) - -13*1.
8
Let r = -478 - -879. What is the remainder when r is divided by 45?
41
Let l = 27 + -15. Let n(d) = -2*d**2 - 5*d - 2. Let u be n(-4). Calculate the remainder when (-2)/u + 1115/35 is divided by l.
8
Let n = -297 - -309. Let m(d) = -d**3 + 2*d**2 + d. Let w be m(-1). Suppose -w*c = -6*c + 20. Calculate the remainder when n is divided by c.
2
Let c(q) = -q**2 - 20*q - 16. Let n be c(-19). Let j = n + 0. Suppose -j*k + 105 = 2*k. What is the remainder when 83 is divided by k?
20
Let t = -812 + 841. Calculate the remainder when 70 is divided by t.
12
Calculate the remainder when (-11)/(385/(-42)) - 38547/(-15) is divided by 13.
10
Suppose 6*o = -0*o + 132. Suppose x - o = -4*p + 3*p, -4*p = -x - 93. Calculate the remainder when p is divided by 5.
3
Suppose -1 = 4*p + 4*i - 77, 1 = -i. Suppose -6*f + 0 - 18 = 0. Calculate the remainder when 29 is divided by 6/f + p + -3.
14
Suppose -252 = 8*f - 716. Suppose 8*u - 330 = -f. What is the remainder when 98 is divided by u?
30
What is the remainder when 155 is divided by (936/81*-3)/(4/(-6))?
51
Let l = 22 - 11. Suppose -3*z - 4*y - y = l, -2*z = -y - 10. Suppose 12 = v - k + 3*k, z*v - 36 = 4*k. Calculate the remainder when 45 is divided by v.
9
Let b = 12 - 2. Let x(z) = 3*z**2 - 25*z + 21. Calculate the remainder when x(b) is divided by 37.
34
Let f = 27 + 27. Suppose -12 = i - f. Calculate the remainder when 208 is divided by i.
40
Calculate the remainder when 202 is divided by (9/4)/(-3) - 4565/(-44).
99
Let s = -12 - -17. Suppose s*j - j - 32 = 0. What is the remainder when 28 is divided by j?
4
Suppose 0 = -148*j + 149*j - 43. What is the remainder when 255 is divided by j?
40
Let v(r) = 4*r**3 - r**2 - r + 4. Let z = 2 - 0. What is the remainder when v(z) is divided by 12?
6
Let f(g) = 12*g - 127. Let v(j) = j**2 + 4*j - 4. Calculate the remainder when v(-6) is divided by f(11).
3
Let b(a) = 19*a - 1. What is the remainder when b(4) is divided by (52/18)/((60/135)/4)?
23
Let z(w) = 2*w**3 - 4*w**2 - 6*w - 9. Let h(p) = 2*p**2 + p - 10. Let a be h(-3). Calculate the remainder when z(a) is divided by 20.
11
Suppose 0 = 2*w - u - 114, -3*u - 157 = -3*w + 2*u. Let b = -1 + -4. Let i = b + 36. What is the remainder when w is divided by i?
28
Let r be 272/(-44) + 6/33. Calculate the remainder when 33 is divided by -1*(-14 + r + 3).
16
Suppose -2*f + v + 28 = f, 4*v = -2*f. Suppose -u = -f - 50. Suppose -2*q + u = -60. Calculate the remainder when q is divided by 15.
14
What is the remainder when (-4613)/(-28) - 4/(-16) is divided by 14?
11
Let f = 1127 + -1049. What is the remainder when 272 is divided by f?
38
Suppose 23 = 2*n - 3*c, 0 = n + 5*c - 20 - 11. Suppose 98 = q + 4*o + 4, 282 = 3*q - 2*o. What is the remainder when q is divided by n?
14
Let d = 42 - 18. Suppose 0 = 4*k + 2*w - 56, -3*k - 2*w + 18 + 25 = 0. What is the remainder when d is divided by k?
11
Let x be ((-8)/(-6))/((-28)/(-42)). Suppose x*k + 88 = 4. What is the remainder when (-658)/k + (-2)/(-6) is divided by 9?
7
Suppose -10*a = -3*a - 203. Let k(i) = -i**3 - 2*i**2 + 3*i - 3. Let n be k(-4). Let f = a - n. What is the remainder when f is divided by 5?
2
Suppose 38*r = 42*r - 560. What is the remainder when r is divided by 39?
23
Suppose 21*f = 467 + 16. What is the remainder when 132 is divided by f?
17
Let f(y) be the second derivative of y**3/3 + 20*y**2 + 25*y. Calculate the remainder when 35 is divided by f(-14).
11
Suppose -2*k - 148 = 4*b, -2*k = k. Suppose 3*h + 21 = -33. Let j = h - b. Calculate the remainder when 56 is divided by j.
18
Suppose z + d + 4 = -2*z, -z + 4 = -5*d. Let n be 3 - (1*-4 - z). What is the remainder when n/21 - (-309)/21 is divided by 9?
6
Suppose -72 = -4*c + 2*y, 1 = 3*y - 11. Suppose -4*u = u - 55. What is the remainder when c is divided by u?
9
Let d = 183 - 162. Suppose b = 5*m + 24, 4*m + 19 = -3*b - 4. Let f = d - m. What is the remainder when 49 is divided by f?
23
Let q be (-1)/5 - (-237)/(-15). Let u = 14 + q. Calculate the remainder when 31 is divided by 19 + 3/(3/u).
14
Let g = 125 + -85. Let x = 46 - g. What is the remainder when 27 is divided by x?
3
Let f = -134 + 259. What is the remainder when f is divided by (-12)/(-8)*(-192)/(-9)?
29
Let u = -33 - -55. Suppose u = 9*t - 59. What is the remainder when 152 is divided by t?
8
Calculate the remainder when (4 - 4)/(-11) + 183 is divided by 68.
47
Let f(t) = 17*t**2 - t - 3. Let x be f(2). Suppose 10*y - 13*y = -x. Calculate the remainder when 40 is divided by y.
19
Let k = 52 - 25. Let l = -414 + 421. What is the remainder when k is divided by l?
6
Suppose 0 = -3*v - 0 - 3. Let c be (12 + (1 - v))/2. Calculate the remainder when 12 is divided by (4*-1)/(-4)*c.
5
Let s be ((-3 - -3)/1)/(-1). Suppose s*w = 4*w - 236. Suppose -y + 17 = -k, 4*y - 5*k = -0*y + 70. What is the remainder when w is divided by y?
14
Suppose 0 = 5*d - 25. Calculate the remainder when 75 is divided by (-24 + d)*(0 + 1)*-1.
18
Suppose 9*y + 1053 = 36*y. What is the remainder when y is divided by 3?
0
Suppose 5*q + 0*q = 20. Suppose -y + 255 = q*y. Calculate the remainder when y is divided by -1 + 12 + (-2 - -4).
12
Suppose -5 = -q, 2*a = -0*q - 3*q + 31. Let f = -4 + a. Suppose 0 = -3*i - 4 - 11, -f*i = 5*g + 15. What is the remainder when 2 is divided by g?
0
Suppose 0*t - 4*y = -3*t + 34, 0 = 2*t + 5*y - 61. What is the remainder when (750/t + -3)*3 is divided by 12?
8
Suppose 2*j - 5*k - 3 + 21 = 0, -4*k = -3*j - 27. Let d = 2 + 76. What is the remainder when d is divided by (10/3)/(j/(-54))?
18
Suppose 3*z - 53 = d, 7*z = 2*z - 4*d + 111. What is the remainder when 198 is divided by z?
8
Calculate the remainder when 647 is divided by -9*(-6 + 7)*-2.
17
Suppose 8*j + 1587 = 4827. Calculate the remainder when j is divided by 8.
5
Suppose -c = 4*c. Let w = c - -32. What is the remainder when w is divided by 11?
10
Let m(a) = -2*a**3 - 2*a**2 + 4*a - 1. Let b(q) = -q**3 + 7*q**2 - 3. Let w be b(7). Calculate the remainder when 89 is divided by m(w).
20
Let j = -19 - -26. Suppose -4*a = -j - 69. Calculate the remainder when 73 is divided by a.
16
Let f(l) = -5 - 3*l + 0*l + 2*l - 2. Let k be f(-12). Suppose -90 = k*p - 10*p. Calculate the remainder when 51 is divided by p.
15
Let y be (-2)/(-12)*2 + 4/6. Suppose -8*b = -39 - y. Let n(v) = -2*v - 2. Calculate the remainder when n(-5) is divided by b.
3
Let r be 4*(-5 - -3)/(-4). Suppose j - r = -0. What is the remainder when 1 - (-10)/(-12) - 406/(-84) is divided by j?
1
Let q = -297 + 467. Calculate the remainder when q is divided by 81.
8
Suppose 45*w + 135 = 48*w. What is the remainder when 246/4*60/w is divided by 21?
19
Suppose 0 + 2 = -d. Let y = -190 - -217. What is the remainder when (-206)/(-4) - d/4 is divided by y?
25
Let b = -7 + 12. Suppose -22 = -2*m - 2*n - 3*n, m - b*n - 41 = 0. Calculate the remainder when 62 is divided by m.
20
Suppose -2*y = b - 13, 0 = 3*b - 4*y - 11 - 48. Calculate the remainder when b is divided by 7.
3
Suppose -3*d + 2*t = -378, 2*d - 3*t = 220 + 27. Calculate the remainder when d is divided by 23.
13
Suppose 2*l = k + 10, -3*l - 4 = -4*k - 24. Suppose l*t = 3*t + 31. Suppose -121 + t = -2*c. Calculate the remainder when c is divided by 16.
13
Suppose -4*t + 3*c = t - 61, 5